hen 409 is divided by 41.
40
Calculate the remainder when 997 is divided by 10.
7
What is the remainder when 14 is divided by 10?
4
What is the remainder when 125 is divided by 60?
5
What is the remainder when 489 is divided by 220?
49
What is the remainder when 266 is divided by 39?
32
What is the remainder when 21 is divided by 12?
9
Calculate the remainder when 75 is divided by 19.
18
What is the remainder when 669 is divided by 647?
22
Calculate the remainder when 918 is divided by 46.
44
What is the remainder when 171 is divided by 41?
7
Calculate the remainder when 495 is divided by 36.
27
Calculate the remainder when 4531 is divided by 44.
43
What is the remainder when 1102 is divided by 35?
17
Calculate the remainder when 3917 is divided by 196.
193
What is the remainder when 97 is divided by 5?
2
Calculate the remainder when 1571 is divided by 63.
59
Calculate the remainder when 28 is divided by 6.
4
Calculate the remainder when 725 is divided by 11.
10
What is the remainder when 251 is divided by 3?
2
What is the remainder when 1101 is divided by 23?
20
Calculate the remainder when 22 is divided by 14.
8
What is the remainder when 148 is divided by 8?
4
What is the remainder when 102 is divided by 26?
24
Calculate the remainder when 79 is divided by 27.
25
Calculate the remainder when 162 is divided by 41.
39
Calculate the remainder when 394 is divided by 96.
10
Calculate the remainder when 7124 is divided by 3560.
4
Calculate the remainder when 219 is divided by 55.
54
What is the remainder when 643 is divided by 38?
35
Calculate the remainder when 760 is divided by 9.
4
What is the remainder when 286 is divided by 24?
22
Calculate the remainder when 147 is divided by 35.
7
Calculate the remainder when 492 is divided by 155.
27
What is the remainder when 43 is divided by 11?
10
What is the remainder when 1428 is divided by 184?
140
Calculate the remainder when 276 is divided by 14.
10
Calculate the remainder when 100 is divided by 11.
1
What is the remainder when 75 is divided by 11?
9
What is the remainder when 910 is divided by 30?
10
What is the remainder when 55 is divided by 15?
10
Calculate the remainder when 365 is divided by 113.
26
Calculate the remainder when 54 is divided by 49.
5
What is the remainder when 392 is divided by 99?
95
What is the remainder when 808 is divided by 19?
10
What is the remainder when 436 is divided by 74?
66
What is the remainder when 250 is divided by 28?
26
What is the remainder when 14190 is divided by 83?
80
Calculate the remainder when 406 is divided by 82.
78
What is the remainder when 304 is divided by 5?
4
Calculate the remainder when 428 is divided by 8.
4
What is the remainder when 69 is divided by 23?
0
What is the remainder when 247 is divided by 63?
58
Calculate the remainder when 240 is divided by 38.
12
What is the remainder when 634 is divided by 69?
13
What is the remainder when 248 is divided by 32?
24
What is the remainder when 181 is divided by 46?
43
What is the remainder when 37 is divided by 26?
11
Calculate the remainder when 1153 is divided by 236.
209
What is the remainder when 450 is divided by 51?
42
What is the remainder when 66 is divided by 17?
15
Calculate the remainder when 941 is divided by 157.
156
What is the remainder when 143 is divided by 73?
70
Calculate the remainder when 116 is divided by 34.
14
What is the remainder when 22 is divided by 20?
2
Calculate the remainder when 132 is divided by 30.
12
Calculate the remainder when 433 is divided by 146.
141
Calculate the remainder when 205 is divided by 80.
45
Calculate the remainder when 40 is divided by 29.
11
What is the remainder when 1847 is divided by 185?
182
What is the remainder when 203 is divided by 74?
55
What is the remainder when 248 is divided by 16?
8
What is the remainder when 83 is divided by 43?
40
What is the remainder when 210 is divided by 2?
0
What is the remainder when 1808 is divided by 5?
3
What is the remainder when 346 is divided by 16?
10
Calculate the remainder when 1074 is divided by 519.
36
What is the remainder when 1468 is divided by 13?
12
What is the remainder when 97 is divided by 6?
1
What is the remainder when 839 is divided by 168?
167
What is the remainder when 375 is divided by 63?
60
What is the remainder when 324 is divided by 37?
28
What is the remainder when 1215 is divided by 16?
15
What is the remainder when 444 is divided by 93?
72
Calculate the remainder when 275 is divided by 24.
11
What is the remainder when 1676 is divided by 43?
42
What is the remainder when 94 is divided by 20?
14
Calculate the remainder when 1223 is divided by 61.
3
Calculate the remainder when 548 is divided by 19.
16
What is the remainder when 418 is divided by 10?
8
What is the remainder when 38 is divided by 9?
2
Calculate the remainder when 286 is divided by 25.
11
What is the remainder when 59 is divided by 31?
28
What is the remainder when 1417 is divided by 16?
9
What is the remainder when 114 is divided by 11?
4
Calculate the remainder when 2541 is divided by 31.
30
Calculate the remainder when 334 is divided by 114.
106
Calculate the remainder when 39 is divided by 27.
12
Calculate the remainder when 62 is divided by 41.
21
Calculate the remainder when 48 is divided by 26.
22
What is the remainder when 37 is divided by 1?
0
What is the remainder when 219 is divided by 62?
33
Calculate the remainder when 186 is divided by 97.
89
What is the remainder when 527 is divided by 122?
39
Calculate the remainder when 1169 is divided by 45.
44
What is the remainder when 1153 is divided by 88?
9
Calculate the remainder when 292 is divided by 14.
12
What is the remainder when 58 is divided by 6?
4
Calculate the remainder when 802 is divided by 12.
10
What is the remainder when 3466 is divided by 23?
16
Calculate the remainder when 228 is divided by 77.
74
Calculate the remainder when 1328 is divided by 131.
18
Calculate the remainder when 92 is divided by 40.
12
Calculate the remainder when 817 is divided by 41.
38
What is the remainder when 64 is divided by 18?
10
What is the remainder when 94 is divided by 39?
16
Calculate the remainder when 1022 is divided by 337.
11
What is the remainder when 1019 is divided by 112?
11
What is the remainder when 153 is divided by 24?
9
What is the remainder when 15 is divided by 14?
1
What is the remainder when 502 is divided by 24?
22
Calculate the remainder when 657 is divided by 213.
18
What is the remainder when 270 is divided by 29?
9
What is the remainder when 1980 is divided by 44?
0
Calculate the remainder when 1441 is divided by 76.
73
What is the remainder when 57 is divided by 30?
27
What is the remainder when 179 is divided by 31?
24
Calculate the remainder when 65 is divided by 23.
19
Calculate the remainder when 1138 is divided by 164.
154
What is the remainder when 21 is divided by 2?
1
Calculate the remainder when 75 is divided by 28.
19
Calculate the remainder when 144 is divided by 49.
46
What is the remainder when 657 is divided by 227?
203
Calculate the remainder when 835 is divided by 101.
27
What is the remainder when 103 is divided by 18?
13
What is the remainder when 4684 is divided by 668?
8
Calculate the remainder when 46 is divided by 10.
6
What is the remainder when 236 is divided by 220?
16
What is the remainder when 254 is divided by 38?
26
Calculate the remainder when 159 is divided by 43.
30
What is the remainder when 815 is divided by 34?
33
What is the remainder when 1779 is divided by 95?
69
What is the remainder when 3587 is divided by 38?
15
Calculate the remainder when 569 is divided by 92.
17
What is the remainder when 559 is divided by 2?
1
What is the remainder when 109 is divided by 28?
25
Calculate the remainder when 309 is divided by 89.
42
What is the remainder when 383 is divided by 186?
11
What is the remainder when 2816 is divided by 61?
10
Calculate the remainder when 278 is divided by 8.
6
Calculate the remainder when 1565 is divided by 198.
179
Calculate the remainder when 529 is divided by 45.
34
Calculate the remainder when 251 is divided by 63.
62
What is the remainder when 7277 is divided by 65?
62
Calculate the remainder when 2771 is divided by 2.
1
Calculate the remainder when 884 is divided 